{"id":591,"date":"2021-04-07T11:12:49","date_gmt":"2021-04-07T11:12:49","guid":{"rendered":"https:\/\/detayteknikyapi.com\/anasayfa\/?page_id=591"},"modified":"2021-04-07T11:25:06","modified_gmt":"2021-04-07T11:25:06","slug":"yapi-muteahhitligi-basvurulari-bilgi-ve-basvuru-kilavuzlari-2","status":"publish","type":"page","link":"https:\/\/detayteknikyapi.com\/anasayfa\/yapi-muteahhitligi-basvurulari-bilgi-ve-basvuru-kilavuzlari-2\/","title":{"rendered":"Yap\u0131 M\u00fcteahhitli\u011fi Ba\u015fvurular\u0131 Bilgi ve Ba\u015fvuru K\u0131lavuzlar\u0131"},"content":{"rendered":"<p>[vc_row use_container=&#8221;yes&#8221;][vc_column][vc_row_inner][vc_column_inner width=&#8221;1\/2&#8243; offset=&#8221;vc_col-md-3&#8243;][ts_press_release title=&#8221;Yap\u0131 M\u00fcteahhitli\u011fi (YAMB\u0130S) Bilgi Sistemi&#8221; link=&#8221;&#8221; titleurl=&#8221;http:\/\/yambis.csb.gov.tr\/&#8221; urlozel=&#8221;https:\/\/detayteknikyapi.com\/anasayfa\/press-releases\/&#8221;][\/vc_column_inner][vc_column_inner width=&#8221;1\/2&#8243; offset=&#8221;vc_col-md-3&#8243;][ts_press_release title=&#8221;YAMB\u0130S Sorgulama Nas\u0131l Yap\u0131l\u0131r&#8221; link=&#8221;&#8221; titleurl=&#8221;https:\/\/webdosya.csb.gov.tr\/db\/istanbul\/menu\/yambis-sorgulama-nasil-yapilir_20200703012639.docx&#8221; urlozel=&#8221;https:\/\/detayteknikyapi.com\/anasayfa\/press-releases\/&#8221;][\/vc_column_inner][vc_column_inner width=&#8221;1\/2&#8243; offset=&#8221;vc_col-md-3&#8243;][ts_press_release title=&#8221;M\u00fcteahhit Grup Sorgulama Nas\u0131l Yap\u0131l\u0131r&#8221; link=&#8221;&#8221; titleurl=&#8221;https:\/\/webdosya.csb.gov.tr\/db\/istanbul\/menu\/muteahhit-grup-sorgulama-nasil-yapilir_20200703012711.docx&#8221; urlozel=&#8221;https:\/\/detayteknikyapi.com\/anasayfa\/press-releases\/&#8221;][\/vc_column_inner][vc_column_inner width=&#8221;1\/2&#8243; offset=&#8221;vc_col-md-3&#8243;][ts_press_release title=&#8221;Yap\u0131 M\u00fchendisli\u011fi Yeterlilik \u015eartlar\u0131&#8221; link=&#8221;&#8221; titleurl=&#8221;https:\/\/webdosya.csb.gov.tr\/db\/istanbul\/menu\/yambi-s-gruplar-2021_20210326025200.xlsx&#8221; urlozel=&#8221;https:\/\/detayteknikyapi.com\/anasayfa\/press-releases\/&#8221;][\/vc_column_inner][\/vc_row_inner][vc_row_inner][vc_column_inner width=&#8221;1\/2&#8243; offset=&#8221;vc_col-md-3&#8243;][ts_press_release title=&#8221;Yap\u0131 M\u00fcteahhitlerinin S\u0131n\u0131fland\u0131r\u0131lmas\u0131 ve Kay\u0131tlar\u0131n\u0131n Tutulmas\u0131 Hakk\u0131nda Y\u00f6netme (Dei\u011fi\u015fiklikler \u0130\u015flenmi\u015f Son Hali)&#8221; link=&#8221;&#8221; titleurl=&#8221;https:\/\/webdosya.csb.gov.tr\/db\/istanbul\/menu\/yapi-muteahhitlerinin-siniflandirilmasi-son-hali-03_20201009034736.pdf&#8221; urlozel=&#8221;https:\/\/detayteknikyapi.com\/anasayfa\/press-releases\/&#8221;][\/vc_column_inner][vc_column_inner width=&#8221;1\/2&#8243; offset=&#8221;vc_col-md-3&#8243;][ts_press_release title=&#8221;Yap\u0131 M\u00fcteahhidinin Ge\u00e7ici Olmas\u0131 Halinde \u0130stenilen Belgeler&#8221; link=&#8221;&#8221; titleurl=&#8221;https:\/\/istanbul.csb.gov.tr\/yapi-muteahhidinin-gecici-olmasi-halinde-istenilen-belgeler-i-3645&#8243; urlozel=&#8221;https:\/\/detayteknikyapi.com\/anasayfa\/press-releases\/&#8221;][\/vc_column_inner][vc_column_inner width=&#8221;1\/2&#8243; offset=&#8221;vc_col-md-3&#8243;][ts_press_release title=&#8221;Yap\u0131 M\u00fcteahhitli\u011fi Yetki Belge Gruplar\u0131 Ba\u015fvuru Belgeleri A Grubu (Ger\u00e7ek\/T\u00fczel Ki\u015fi)&#8221; link=&#8221;&#8221; titleurl=&#8221;http:\/\/yambis.csb.gov.tr\/https:\/\/webdosya.csb.gov.tr\/db\/istanbul\/menu\/a-grubu_20210406044909.rar&#8221; urlozel=&#8221;https:\/\/detayteknikyapi.com\/anasayfa\/press-releases\/&#8221;][\/vc_column_inner][vc_column_inner width=&#8221;1\/2&#8243; offset=&#8221;vc_col-md-3&#8243;][ts_press_release title=&#8221;Yap\u0131 M\u00fcteahhitli\u011fi Yetki Belge Gruplar\u0131 Ba\u015fvuru Belgeleri B Grubu (Ger\u00e7ek\/T\u00fczel Ki\u015fi)&#8221; link=&#8221;&#8221; titleurl=&#8221;https:\/\/webdosya.csb.gov.tr\/db\/istanbul\/menu\/b-grubu_20210406045342.rar&#8221; urlozel=&#8221;https:\/\/detayteknikyapi.com\/anasayfa\/press-releases\/&#8221;][\/vc_column_inner][\/vc_row_inner][vc_row_inner][vc_column_inner width=&#8221;1\/2&#8243; offset=&#8221;vc_col-md-3&#8243;][ts_press_release title=&#8221;Yap\u0131 M\u00fcteahhitli\u011fi Yetki Belge Gruplar\u0131 Ba\u015fvuru Belgeleri B1 Grubu (Ger\u00e7ek\/T\u00fczel Ki\u015fi)&#8221; link=&#8221;&#8221; titleurl=&#8221;https:\/\/webdosya.csb.gov.tr\/db\/istanbul\/menu\/b1-grubu_20210406045624.rar&#8221; urlozel=&#8221;https:\/\/detayteknikyapi.com\/anasayfa\/press-releases\/&#8221;][\/vc_column_inner][vc_column_inner width=&#8221;1\/2&#8243; offset=&#8221;vc_col-md-3&#8243;][ts_press_release title=&#8221;Yap\u0131 M\u00fcteahhitli\u011fi Yetki Belge Gruplar\u0131 Ba\u015fvuru Belgeleri C Grubu (Ger\u00e7ek\/T\u00fczel Ki\u015fi)&#8221; link=&#8221;&#8221; titleurl=&#8221;https:\/\/webdosya.csb.gov.tr\/db\/istanbul\/menu\/c-grubu_20210406045953.rar&#8221; urlozel=&#8221;https:\/\/detayteknikyapi.com\/anasayfa\/press-releases\/&#8221;][\/vc_column_inner][vc_column_inner width=&#8221;1\/2&#8243; offset=&#8221;vc_col-md-3&#8243;][ts_press_release title=&#8221;Yap\u0131 M\u00fcteahhitli\u011fi Yetki Belge Gruplar\u0131 Ba\u015fvuru Belgeleri C1 Grubu (Ger\u00e7ek\/T\u00fczel Ki\u015fi)&#8221; link=&#8221;&#8221; titleurl=&#8221;https:\/\/webdosya.csb.gov.tr\/db\/istanbul\/menu\/c1-grubu_20210329071319_20210406050612.rar&#8221; urlozel=&#8221;https:\/\/detayteknikyapi.com\/anasayfa\/press-releases\/&#8221;][\/vc_column_inner][vc_column_inner width=&#8221;1\/2&#8243; offset=&#8221;vc_col-md-3&#8243;][ts_press_release title=&#8221;Yap\u0131 M\u00fcteahhitli\u011fi Yetki Belge Gruplar\u0131 Ba\u015fvuru Belgeleri D Grubu (Ger\u00e7ek\/T\u00fczel Ki\u015fi)&#8221; link=&#8221;&#8221; titleurl=&#8221;https:\/\/webdosya.csb.gov.tr\/db\/istanbul\/menu\/d-grubu_20210406050856.rar&#8221; urlozel=&#8221;https:\/\/detayteknikyapi.com\/anasayfa\/press-releases\/&#8221;][\/vc_column_inner][\/vc_row_inner][vc_row_inner][vc_column_inner width=&#8221;1\/2&#8243; offset=&#8221;vc_col-md-3&#8243;][ts_press_release title=&#8221;Yap\u0131 M\u00fcteahhitli\u011fi Yetki Belge Gruplar\u0131 Ba\u015fvuru Belgeleri E Grubu (Ger\u00e7ek\/T\u00fczel Ki\u015fi)&#8221; link=&#8221;&#8221; titleurl=&#8221;https:\/\/webdosya.csb.gov.tr\/db\/istanbul\/menu\/e-grubu_20210406051413.rar&#8221; urlozel=&#8221;https:\/\/detayteknikyapi.com\/anasayfa\/press-releases\/&#8221;][\/vc_column_inner][vc_column_inner width=&#8221;1\/2&#8243; offset=&#8221;vc_col-md-3&#8243;][ts_press_release title=&#8221;Yap\u0131 M\u00fcteahhitli\u011fi Yetki Belge Gruplar\u0131 Ba\u015fvuru Belgeleri E1 Grubu (Ger\u00e7ek\/T\u00fczel Ki\u015fi)&#8221; link=&#8221;&#8221; titleurl=&#8221;https:\/\/webdosya.csb.gov.tr\/db\/istanbul\/menu\/e1-grubu_20210406051632.rar&#8221; urlozel=&#8221;https:\/\/detayteknikyapi.com\/anasayfa\/press-releases\/&#8221;][\/vc_column_inner][vc_column_inner width=&#8221;1\/2&#8243; offset=&#8221;vc_col-md-3&#8243;][ts_press_release title=&#8221;Yap\u0131 M\u00fcteahhitli\u011fi Yetki Belge Gruplar\u0131 Ba\u015fvuru Belgeleri F Grubu (Ger\u00e7ek\/T\u00fczel Ki\u015fi)&#8221; link=&#8221;&#8221; titleurl=&#8221;https:\/\/webdosya.csb.gov.tr\/db\/istanbul\/menu\/f-grubu_20210406051919.rar&#8221; urlozel=&#8221;https:\/\/detayteknikyapi.com\/anasayfa\/press-releases\/&#8221;][\/vc_column_inner][vc_column_inner width=&#8221;1\/2&#8243; offset=&#8221;vc_col-md-3&#8243;][ts_press_release title=&#8221;Yap\u0131 M\u00fcteahhitli\u011fi Yetki Belge Gruplar\u0131 Ba\u015fvuru Belgeleri F1 Grubu (Ger\u00e7ek\/T\u00fczel Ki\u015fi)&#8221; link=&#8221;&#8221; titleurl=&#8221;https:\/\/webdosya.csb.gov.tr\/db\/istanbul\/menu\/f1-grubu_20210406052205.rar&#8221; urlozel=&#8221;https:\/\/detayteknikyapi.com\/anasayfa\/press-releases\/&#8221;][\/vc_column_inner][\/vc_row_inner][vc_row_inner][vc_column_inner width=&#8221;1\/2&#8243; offset=&#8221;vc_col-md-3&#8243;][ts_press_release title=&#8221;Yap\u0131 M\u00fcteahhitli\u011fi Yetki Belge Gruplar\u0131 Ba\u015fvuru Belgeleri G Grubu (Ger\u00e7ek\/T\u00fczel Ki\u015fi)&#8221; link=&#8221;&#8221; titleurl=&#8221;https:\/\/webdosya.csb.gov.tr\/db\/istanbul\/menu\/g-grubu_20210329071516.rar&#8221; urlozel=&#8221;https:\/\/detayteknikyapi.com\/anasayfa\/press-releases\/&#8221;][\/vc_column_inner][vc_column_inner width=&#8221;1\/2&#8243; offset=&#8221;vc_col-md-3&#8243;][ts_press_release title=&#8221;Yap\u0131 M\u00fcteahhitli\u011fi Yetki Belge Gruplar\u0131 Ba\u015fvuru Belgeleri G1 Grubu (Ger\u00e7ek\/T\u00fczel Ki\u015fi)&#8221; link=&#8221;&#8221; titleurl=&#8221;https:\/\/webdosya.csb.gov.tr\/db\/istanbul\/menu\/g1-grubu_20210329071531.rar&#8221; urlozel=&#8221;https:\/\/detayteknikyapi.com\/anasayfa\/press-releases\/&#8221;][\/vc_column_inner][vc_column_inner width=&#8221;1\/2&#8243; offset=&#8221;vc_col-md-3&#8243;][ts_press_release title=&#8221;Yap\u0131 M\u00fcteahhitli\u011fi Yetki Belge Gruplar\u0131 Ba\u015fvuru Belgeleri H Grubu (Ger\u00e7ek\/T\u00fczel Ki\u015fi)&#8221; link=&#8221;&#8221; titleurl=&#8221;https:\/\/webdosya.csb.gov.tr\/db\/istanbul\/menu\/h-grubu_20210329071556.rar&#8221; urlozel=&#8221;https:\/\/detayteknikyapi.com\/anasayfa\/press-releases\/&#8221;][\/vc_column_inner][vc_column_inner width=&#8221;1\/2&#8243; offset=&#8221;vc_col-md-3&#8243;][ts_press_release title=&#8221;Ortak Giri\u015fim\/\u0130\u015f Ortakl\u0131\u011f\u0131\/Konsorsiyum \u015eeklindeki Yap\u0131 M\u00fcteahhitlik Yetki Belge Grup Ba\u015fvurular\u0131&#8221; link=&#8221;&#8221; titleurl=&#8221;https:\/\/webdosya.csb.gov.tr\/db\/istanbul\/menu\/ortak-girisim&#8211;konsorsiyum_20210329071609.rar&#8221; urlozel=&#8221;https:\/\/detayteknikyapi.com\/anasayfa\/press-releases\/&#8221;][\/vc_column_inner][\/vc_row_inner][vc_row_inner][vc_column_inner width=&#8221;1\/3&#8243; offset=&#8221;vc_col-md-3&#8243;][ts_press_release title=&#8221;YAPI KOOPERAT\u0130FLER\u0130 \u0130\u00c7\u0130N \u0130STENEN BELGELER&#8221; link=&#8221;&#8221; titleurl=&#8221;https:\/\/webdosya.csb.gov.tr\/db\/istanbul\/menu\/yapi-kooperatifi-olmasi-halinde-istenen-belgeler_20190102103250_20210106042251.doc&#8221; urlozel=&#8221;https:\/\/detayteknikyapi.com\/anasayfa\/press-releases\/&#8221;][\/vc_column_inner][vc_column_inner width=&#8221;1\/3&#8243; offset=&#8221;vc_col-md-3&#8243;][ts_press_release title=&#8221;YAPI RUHSATI \u00d6N BA\u015eVURU FORMU (KOOPERAT\u0130FLER \u0130\u00c7\u0130N)&#8221; link=&#8221;&#8221; titleurl=&#8221;https:\/\/webdosya.csb.gov.tr\/db\/istanbul\/menu\/yapi-ruhsati-on-basvuru-formu-2019-yapi-kooperatifleri-icin_20190610020641.doc&#8221; urlozel=&#8221;https:\/\/detayteknikyapi.com\/anasayfa\/press-releases\/&#8221;][\/vc_column_inner][vc_column_inner width=&#8221;1\/3&#8243;][ts_press_release title=&#8221;Yap\u0131 M\u00fcteahhitli\u011fi Yetki Belge Gruplar\u0131 Ba\u015fvuru Belgeleri D1 Grubu (Ger\u00e7ek\/T\u00fczel Ki\u015fi)&#8221; titleurl=&#8221;https:\/\/webdosya.csb.gov.tr\/db\/istanbul\/menu\/d1-grubu_20210406051135.rar&#8221;][\/vc_column_inner][\/vc_row_inner][\/vc_column][\/vc_row]<\/p>\n","protected":false},"excerpt":{"rendered":"<p>[vc_row use_container=&#8221;yes&#8221;][vc_column][vc_row_inner][vc_column_inner width=&#8221;1\/2&#8243; offset=&#8221;vc_col-md-3&#8243;][ts_press_release title=&#8221;Yap\u0131 M\u00fcteahhitli\u011fi (YAMB\u0130S) Bilgi Sistemi&#8221; link=&#8221;&#8221; titleurl=&#8221;http:\/\/yambis.csb.gov.tr\/&#8221; urlozel=&#8221;https:\/\/detayteknikyapi.com\/anasayfa\/press-releases\/&#8221;][\/vc_column_inner][vc_column_inner width=&#8221;1\/2&#8243; offset=&#8221;vc_col-md-3&#8243;][ts_press_release title=&#8221;YAMB\u0130S Sorgulama Nas\u0131l Yap\u0131l\u0131r&#8221; link=&#8221;&#8221; titleurl=&#8221;https:\/\/webdosya.csb.gov.tr\/db\/istanbul\/menu\/yambis-sorgulama-nasil-yapilir_20200703012639.docx&#8221; urlozel=&#8221;https:\/\/detayteknikyapi.com\/anasayfa\/press-releases\/&#8221;][\/vc_column_inner][vc_column_inner width=&#8221;1\/2&#8243; offset=&#8221;vc_col-md-3&#8243;][ts_press_release title=&#8221;M\u00fcteahhit Grup Sorgulama Nas\u0131l Yap\u0131l\u0131r&#8221; link=&#8221;&#8221; titleurl=&#8221;https:\/\/webdosya.csb.gov.tr\/db\/istanbul\/menu\/muteahhit-grup-sorgulama-nasil-yapilir_20200703012711.docx&#8221; urlozel=&#8221;https:\/\/detayteknikyapi.com\/anasayfa\/press-releases\/&#8221;][\/vc_column_inner][vc_column_inner width=&#8221;1\/2&#8243; offset=&#8221;vc_col-md-3&#8243;][ts_press_release title=&#8221;Yap\u0131 M\u00fchendisli\u011fi Yeterlilik \u015eartlar\u0131&#8221; link=&#8221;&#8221; titleurl=&#8221;https:\/\/webdosya.csb.gov.tr\/db\/istanbul\/menu\/yambi-s-gruplar-2021_20210326025200.xlsx&#8221; urlozel=&#8221;https:\/\/detayteknikyapi.com\/anasayfa\/press-releases\/&#8221;][\/vc_column_inner][\/vc_row_inner][vc_row_inner][vc_column_inner width=&#8221;1\/2&#8243; offset=&#8221;vc_col-md-3&#8243;][ts_press_release title=&#8221;Yap\u0131 M\u00fcteahhitlerinin S\u0131n\u0131fland\u0131r\u0131lmas\u0131 ve Kay\u0131tlar\u0131n\u0131n Tutulmas\u0131 Hakk\u0131nda Y\u00f6netme (Dei\u011fi\u015fiklikler \u0130\u015flenmi\u015f Son Hali)&#8221; link=&#8221;&#8221; [&hellip;]<\/p>\n","protected":false},"author":1,"featured_media":0,"parent":0,"menu_order":0,"comment_status":"closed","ping_status":"closed","template":"page-builder.php","meta":[],"_links":{"self":[{"href":"https:\/\/detayteknikyapi.com\/anasayfa\/wp-json\/wp\/v2\/pages\/591"}],"collection":[{"href":"https:\/\/detayteknikyapi.com\/anasayfa\/wp-json\/wp\/v2\/pages"}],"about":[{"href":"https:\/\/detayteknikyapi.com\/anasayfa\/wp-json\/wp\/v2\/types\/page"}],"author":[{"embeddable":true,"href":"https:\/\/detayteknikyapi.com\/anasayfa\/wp-json\/wp\/v2\/users\/1"}],"replies":[{"embeddable":true,"href":"https:\/\/detayteknikyapi.com\/anasayfa\/wp-json\/wp\/v2\/comments?post=591"}],"version-history":[{"count":3,"href":"https:\/\/detayteknikyapi.com\/anasayfa\/wp-json\/wp\/v2\/pages\/591\/revisions"}],"predecessor-version":[{"id":600,"href":"https:\/\/detayteknikyapi.com\/anasayfa\/wp-json\/wp\/v2\/pages\/591\/revisions\/600"}],"wp:attachment":[{"href":"https:\/\/detayteknikyapi.com\/anasayfa\/wp-json\/wp\/v2\/media?parent=591"}],"curies":[{"name":"wp","href":"https:\/\/api.w.org\/{rel}","templated":true}]}}